{"id":458,"date":"2020-11-09T20:31:37","date_gmt":"2020-11-09T20:31:37","guid":{"rendered":"http:\/\/wp.gerberhaus-eifel.de\/?page_id=458"},"modified":"2025-09-28T21:12:27","modified_gmt":"2025-09-28T21:12:27","slug":"umgebung","status":"publish","type":"page","link":"http:\/\/wp.gerberhaus-eifel.de\/?page_id=458","title":{"rendered":"Umgebung"},"content":{"rendered":"\n<h4><strong>Einkaufen im Ort<\/strong><\/h4>\n\n\n\n<p>Manderscheid bietet alles, was man zum t\u00e4glichen Leben ben\u00f6tigt. Zwei Superm\u00e4rkte, B\u00e4ckereien, Metzgerei, Apotheke, \u00c4rzte, Restaurants und Caf\u00e9s sind alle auch zu Fu\u00df gut zu erreichen. Ein nahegelegener Bauernhof bietet frische Milch und selbst hergestelltes Bauernhofeis an. F\u00fcr ausgedehntere Stadtbummel sind die R\u00f6merstadt Trier und die Stadt Koblenz am Deutschen Eck via Autobahn schnell zu erreichen.<\/p>\n\n\n\n<h4><strong>Aktiv: Wandern, Radeln, Mountainbike<\/strong>, Klettern<\/h4>\n\n\n\n<p>Die&nbsp;<strong>Vulkaneifel um Manderscheid<\/strong>&nbsp;hat jedem etwas zu bieten: neben einem sehr gut ausgebauten Wegenetz gibt es eine abwechslungsreiche Landschaft mit einmaliger Natur und vielen geologischen Besonderheiten: erloschene Vulkane, Maartrichter mit kreisrunden Maarseen, Mineralquellen und weitere Zeugnisse der bewegten Vergangenheit. Einige Maare laden im Sommer zu einem besonderen Badevergn\u00fcgen ein.<\/p>\n\n\n\n<p>Unsere Ferienh\u00e4user und die Strohpension sind f\u00fcr Ihre Aktivit\u00e4ten ein idealer Ausgangspunkt. Der Premium-Wanderweg&nbsp;<a rel=\"noreferrer noopener\" href=\"http:\/\/www.eifelsteig.de\/\" target=\"_blank\">Eifelsteig<\/a>&nbsp;verl\u00e4uft mit seiner vielleicht sch\u00f6nsten Etappe direkt durch den Ort (ca. 300m entfernt), Der 6km lange Manderscheider Burgensteig mit Rittersteig wurde 2020 zur drittsch\u00f6nsten Tageswanderung Deutschlands gew\u00e4hlt. Grafschaftpfad, VulkaMaarpfad und 2B\u00e4che-Pfad sind weitere Wanderhighlights der direkten Umgebung. Der&nbsp;<a rel=\"noreferrer noopener\" href=\"http:\/\/www.trailpark.de\/\" target=\"_blank\">Vulkanbike-Trailpark<\/a>&nbsp;bietet auf etwa 700km ausgewiesenem Streckennetz und einem speziellen Technikparcours allen Mountainbike-Freunden eine riesige &#8222;Spielwiese&#8220;. <\/p>\n\n\n\n<p>Der 2022 neu erbaute Burgenklettersteig hat f\u00fcr sportlich aktive G\u00e4ste auf insgesamt 3 Etappen verschiedenster Schwierigkeitsgrade einiges zu bieten. Mit der Eselsbr\u00fccke und der 60m langen und 20m hohen Burgenbr\u00fccke ist er der beste au\u00dferalpine Klettersteig Deutschlands.<\/p>\n\n\n\n<p>Auf dem Maare-Mosel-Radweg oder dem Kosmos-Radweg radeln Sie auf alten Bahntrassen und durch idyllische Bacht\u00e4ler. Der &#8222;Regio-Radlerbus Maare Mosel 300&#8220;, der Sie schnell und bequem zu den Einstiegspunkten bringt, h\u00e4lt quasi &#8222;vor der Haust\u00fcr&#8220;. Genie\u00dfen Sie diese bequeme Art, Fahrradtouren abseits vom Stra\u00dfenverkehr in einer einmaligen Landschaft zu unternehmen!<\/p>\n\n\n\n<h4><strong>Routenempfehlungen<\/strong><\/h4>\n\n\n\n<p>Rund um Manderscheid gibt es eine Vielzahl an erlebnisreichen Wanderrouten. Auf den Seiten des&nbsp;<a href=\"http:\/\/www.gesundland-vulkaneifel.de\/gesundbewegen\/wandern.html\" target=\"_blank\" rel=\"noreferrer noopener\"><strong>Gesundland Vulkaneifel<\/strong><\/a>&nbsp;finden Sie eine gro\u00dfe Auswahl!<\/p>\n\n\n\n<p>Aber nicht nur virtuell, sondern auch ganz real haben wir Tips f\u00fcr Sie: Als Revierf\u00f6rster von Manderscheid, Ideengeber und Klettertrainer des Burgenklettersteigs kennt Ihr Gastgeber Georg Fox die Umgebung wie seine Westentasche. Sie werden staunen was es in nur wenigen Kilometern Umkreis alles zu entdecken gibt!<\/p>\n\n\n\n<h4><strong>Ziele am Ort und der direkten Umgebung:<\/strong><\/h4>\n\n\n\n<ul><li>Burgenklettersteig Manderscheid (www.burgenklettersteig.de)<\/li><li>Maarmuseum Manderscheid (<a rel=\"noreferrer noopener\" href=\"http:\/\/www.maarmuseum.de\/\" target=\"_blank\">www.maarmuseum.de<\/a>)<\/li><li>Manderscheider Burgen<\/li><li>Wachsmanufaktur Moll, Manderscheid (www.kerzenmoll.de)<\/li><li>Freibad Manderscheid: modernes Freibad f\u00fcr die ganze Familie<\/li><li>Maare zum Schwimmen: Meerfelder Maar (4km), Gem\u00fcndener Maar (12km), Pulvermaar(10km)<\/li><li>Hirsch und Saupark Daun (www.wildpark-daun.de)<\/li><li>Abtei Himmerod (<a rel=\"noreferrer noopener\" href=\"http:\/\/www.abtei-himmerod.de\/\" target=\"_blank\">www.abtei-himmerod.de<\/a>)<\/li><li>N\u00fcrburgring (<a rel=\"noreferrer noopener\" href=\"http:\/\/www.nuerburgring.de\/\" target=\"_blank\">www.nuerburgring.de<\/a>)<\/li><li>Weinstadt Bernkastel-Kues an der Mosel<\/li><li>Weinstadt Cochem an der Mosel mit Reichsburg<\/li><li>R\u00f6merstadt Trier mit Prota Nigra, Amphitheather, Basilika uvm<\/li><li>Koblenz mit Deutschem Eck und Festung Ehrenbreitstein<\/li><\/ul>\n\n\n\n<p><strong>&nbsp;<\/strong><\/p>\n\n\n\n<h4><strong>Keine Langeweile!<\/strong><\/h4>\n\n\n\n<p>Wenn Sie bei der Planung Ihres Urlaubs Hilfe ben\u00f6tigen oder mehr Informationen zur Urlaubsregion um Manderscheid ben\u00f6tigen, hilft Ihnen die Tourist-Information in&nbsp;<a href=\"http:\/\/www.manderscheid.de\/\" target=\"_blank\" rel=\"noreferrer noopener\">Manderscheid<\/a>&nbsp;weiter.<br>Vor Ort stehen wir Ihnen dann auch gerne mit Ratschl\u00e4gen und Empfehlungen zur Seite!<\/p>\n","protected":false},"excerpt":{"rendered":"<p>Einkaufen im Ort Manderscheid bietet alles, was man zum t\u00e4glichen Leben ben\u00f6tigt. Zwei Superm\u00e4rkte, B\u00e4ckereien, Metzgerei, Apotheke, \u00c4rzte, Restaurants und Caf\u00e9s sind alle auch zu Fu\u00df gut zu erreichen. Ein nahegelegener Bauernhof bietet frische Milch und selbst hergestelltes Bauernhofeis an. F\u00fcr ausgedehntere Stadtbummel sind die R\u00f6merstadt Trier und die Stadt Koblenz am Deutschen Eck via&hellip;&nbsp;<a href=\"http:\/\/wp.gerberhaus-eifel.de\/?page_id=458\" class=\"\" rel=\"bookmark\">Weiterlesen &raquo;<span class=\"screen-reader-text\">Umgebung<\/span><\/a><\/p>\n","protected":false},"author":1,"featured_media":0,"parent":0,"menu_order":0,"comment_status":"closed","ping_status":"closed","template":"","meta":{"ngg_post_thumbnail":0},"_links":{"self":[{"href":"http:\/\/wp.gerberhaus-eifel.de\/index.php?rest_route=\/wp\/v2\/pages\/458"}],"collection":[{"href":"http:\/\/wp.gerberhaus-eifel.de\/index.php?rest_route=\/wp\/v2\/pages"}],"about":[{"href":"http:\/\/wp.gerberhaus-eifel.de\/index.php?rest_route=\/wp\/v2\/types\/page"}],"author":[{"embeddable":true,"href":"http:\/\/wp.gerberhaus-eifel.de\/index.php?rest_route=\/wp\/v2\/users\/1"}],"replies":[{"embeddable":true,"href":"http:\/\/wp.gerberhaus-eifel.de\/index.php?rest_route=%2Fwp%2Fv2%2Fcomments&post=458"}],"version-history":[{"count":5,"href":"http:\/\/wp.gerberhaus-eifel.de\/index.php?rest_route=\/wp\/v2\/pages\/458\/revisions"}],"predecessor-version":[{"id":526,"href":"http:\/\/wp.gerberhaus-eifel.de\/index.php?rest_route=\/wp\/v2\/pages\/458\/revisions\/526"}],"wp:attachment":[{"href":"http:\/\/wp.gerberhaus-eifel.de\/index.php?rest_route=%2Fwp%2Fv2%2Fmedia&parent=458"}],"curies":[{"name":"wp","href":"https:\/\/api.w.org\/{rel}","templated":true}]}}